 13) to base 8.
-7227144
Convert -180701 (base 10) to base 16.
-2c1dd
Convert 67abc1 (base 13) to base 7.
26560505
What is 622010 (base 8) in base 16?
32408
Convert -1b8bb9 (base 14) to base 10.
-984671
What is 719b1 (base 13) in base 10?
203789
67a648 (base 12) to base 4
12110120120
235310 (base 10) to base 5
30012220
Convert 3e52a (base 16) to base 6.
5245454
What is -1940a (base 15) in base 16?
-13ff6
What is a7a27b (base 14) in base 13?
1239158
Convert 12564310 (base 7) to base 8.
4327230
Convert -119d096 (base 14) to base 7.
-131546246
2223660 (base 11) to base 2
1110110111111110011011
1222010112220 (base 3) to base 5
231431123
Convert -32427a (base 11) to base 2.
-1111110011111001000
Convert -44b601 (base 15) to base 2.
-1100100000011010001100
What is -213300100 (base 4) in base 8?
-476020
Convert 6925d (base 14) to base 11.
1650a5
Convert 221230001 (base 4) to base 15.
358d8
-6204241 (base 7) to base 4
-2310322033
Convert -3500037 (base 8) to base 13.
-273713
What is 26fe9 (base 16) in base 5?
20102341
Convert 11217705 (base 8) to base 2.
1001010001111111000101
Convert -20022310 (base 4) to base 8.
-101264
-264121 (base 8) to base 4
-112201101
Convert -147b5c (base 13) to base 15.
-9ded7
Convert 235232 (base 6) to base 9.
31242
What is -154306036 (base 7) in base 3?
-201120122211021
Convert -cc0b2 (base 13) to base 11.
-232464
-1434201 (base 7) to base 10
-193551
-535150 (base 6) to base 9
-66213
Convert 4051207 (base 8) to base 5.
233212303
Convert -2440310 (base 5) to base 8.
-132372
Convert 8789 (base 14) to base 12.
11699
2a45b (base 12) to base 13
21062
Convert -101011011011001 (base 2) to base 14.
-8161
-4736 (base 11) to base 14
-2398
-1b32613 (base 12) to base 6
-324032023
What is -2302434 (base 6) in base 2?
-11100100111110110
What is 200304242 (base 5) in base 2?
11000001001010011101
-1458840 (base 11) to base 7
-30153316
-121222121200100 (base 3) to base 10
-9026973
-4325155 (base 7) to base 13
-156205
What is 115126 (base 10) in base 6?
2244554
What is 6314640 (base 7) in base 10?
760410
-17430 (base 16) to base 11
-65649
Convert 27632 (base 12) to base 6.
1100102
Convert -6310423 (base 8) to base 5.
-412104124
Convert 1000111111100001010101 (base 2) to base 8.
10774125
What is 141316256 (base 7) in base 3?
122101000102122
Convert -1758165 (base 9) to base 2.
-11110000001000001001
Convert -3b6ad (base 15) to base 14.
-4d601
Convert 4084b (base 14) to base 8.
457243
14564127 (base 8) to base 4
30232201113
-12644202 (base 8) to base 16
-2b4882
Convert -243603036 (base 7) to base 12.
-5149963
Convert 2223442 (base 5) to base 11.
2753a
Convert 696303 (base 12) to base 4.
12130230303
-322823 (base 9) to base 14
-50188
Convert 1627510 (base 8) to base 9.
786803
What is 23234303 (base 5) in base 9?
352514
1c14069 (base 14) to base 8
65420015
Convert 434211113 (base 5) to base 15.
26d023
121640402 (base 7) to base 5
3423441210
Convert 854035 (base 9) to base 5.
112230040
Convert -12674 (base 13) to base 16.
-8510
What is 35962 (base 10) in base 3?
1211022221
What is 2401545 (base 6) in base 13?
44a92
What is 18686 (base 11) in base 4?
12113331
Convert -bc595 (base 13) to base 9.
-570406
Convert 22110121022002 (base 3) to base 8.
21124226
Convert -132311133 (base 4) to base 7.
-1034142
Convert -10005543 (base 6) to base 7.
-2250615
Convert 100111001222 (base 3) to base 14.
4c061
Convert 210322303110 (base 4) to base 11.
5510285
What is 553011 (base 9) in base 15?
67cb7
Convert 120122101010 (base 3) to base 13.
aa1c6
Convert 6acc (base 16) to base 13.
c5a1
What is 43f8ed (base 16) in base 13?
bcc7a5
Convert 4012448 (base 9) to base 8.
10110207
What is 1122482 (base 10) in base 7?
12353354
What is -194845b (base 15) in base 7?
-312604040
What is 41c7a (base 16) in base 15?
54c74
-1679038 (base 10) to base 6
-55553154
Convert -155302 (base 7) to base 3.
-1120002011
-2222000022021 (base 3) to base 5
-400343423
4c9242 (base 14) to base 13
714617
101150102 (base 7) to base 5
3003130223
-2371507 (base 8) to base 15
-cd338
What is -222221202012 (base 3) in base 8?
-2014140
277908 (base 11) to base 6
13153523
13323000 (base 4) to base 16
7ec0
What is -243053203 (base 6) in base 4?
-101221123203
-3381143 (base 10) to base 9
-6323045
What is 53657550 (base 8) in base 4?
223311331220
Convert -2242331 (base 5) to base 16.
-9d95
Convert 25401515 (base 6) to base 8.
3112527
What is 30020003321 (base 4) in base 5?
1303204440
Convert 144b7 (base 16) to base 5.
10130002
-443093 (base 10) to base 9
-744725
Convert -2376a65 (base 11) to base 8.
-17622055
52a26 (base 11) to base 2
10010110100110001
Convert 21031110232 (base 4) to base 3.
11112122012121
Convert e3d7b3 (base 16) to base 13.
312a650
What is -136865 (base 10) in base 4?
-201122201
-902 (base 14) to base 2
-11011100110
100000100000111100 (base 2) to base 3
20202200121
Convert -599822 (base 14) to base 7.
-35006442
What is -58590 (base 10) in base 8?
-162336
122123112 (base 5) to base 10
582907
430237 (base 9) to base 15
50d1a
Convert -e9d3d (base 15) to base 2.
-10110101001011011100
-14263 (base 8) to base 16
-18b3
43096 (base 14) to base 16
278ec
Convert 110100010100100000101001 (base 2) to base 14.
1b70505
Convert -21120121112 (base 3) to base 11.
-a2082
What is d9e3 (base 16) in base 12?
28343
Convert 121023220220 (base 4) to base 14.
c3b9c4
-1570070 (base 8) to base 2
-1101111000000111000
305207 (base 8) to base 12
4a547
8c5b (base 14) to base 7
131044
-1014692 (base 10) to base 14
-1c5b00
What is -1c6233 (base 15) in base 5?
-323400443
Convert 4023132 (base 6) to base 5.
22034140
What is 47d695 (base 14) in base 9?
4554557
What is 21304440 (base 5) in base 16?
2c66e
What is 2345504 (base 7) in base 4?
1020211013
Convert 144005310 (base 6) to base 4.
23121102222
-1fb4a5 (base 16) to base 9
-3816254
-a9832 (base 11) to base 7
-1232462
What is -1527546 (base 9) in base 3?
-1120221121120
What is 134004420 (base 5) in base 11?
42aa95
What is 366371 (base 9) in base 13?
798ac
-330b0 (base 16) to base 7
-1530353
2104132 (base 6) to base 15
20358
-99311 (base 14) to base 16
-5a963
What is -a401 (base 14) in base 8?
-67101
Convert 11011043 (base 5) to base 13.
34040
3c112 (base 15) to base 3
100210012222
What is -1202020200102 (base 3) in base 12?
-38a218
What is 8b0a3 (base 14) in base 15?
6a0a5
What is -127902b (base 12) in base 5?
-1413110022
Convert -1000622 (base 7) to base 6.
-2310035
Convert 710160 (base 8) to base 12.
b3214
What is -2181061 (base 10) in base 3?
-11002210212001
What is -62306 (base 9) in base 4?
-22001301
Convert -146656211 (base 7) to base 8.
-45540506
What is 7246720 (base 8) in base 5?
442423324
Convert 104b26 (base 12) to base 6.
5303250
-245a0 (base 16) to base 3
-21120020200
Convert -10203304 (base 5) to base 11.
-58808
36880 (base 14) to base 8
404420
Convert -b4949 (base 13) to base 16.
-4f3bd
167cb2 (base 16) to base 6
51330430
Convert 21376a (base 13) to base 5.
144412014
Convert -11cc2b (base 14) to base 11.
-388523
What is -496755 (base 14) in base 7?
-30243135
Convert -434871 (base 9) to base 11.
-167a76
What is 13556705 (base 8) in base 4?
23231313011
What is 7407635 (base 9) in base 2?
1111000111010000110000
What is -100001010001100001100101 (base 2) in base 13?
-1a65281
What is -3213324 (base 7) in base 2?
-1011111010000001100
Convert 11010001010111111100000 (base 2) to base 16.
68afe0
210021111022 (base 3) to base 5
101400210
Convert -22100122021 (base 3) to base 16.
-2828b
What is 55445530 (base 6) in base 13?
4664a0
What is -10111001110010101110011 (base 2) in base 8?
-27162563
-6034 (base 10) to base 3
-22021111
What is a995 (base 16) in base 3?
2012112220
Convert 10410031011 (base 5) to base 3.
210110121012000
10457727 (base 8) to base 4
20211333113
What is -58625 (base 9) in base 3?
-1222200212
1b58 (base 16) to base 14
27a0
Convert 160517 (base 9) to base 15.
1e441
-217239 (base 13) to base 9
-1428386
Convert -61505 (base 10) to base 12.
-2b715
205725 (base 13) to base 10
754785
104443 (base 8) to base 7
204232
-253553 (base 8) to base 14
-24079
Convert -1ab819 (base 14) to base 2.
-11101000110110011111
Convert -515041 (base 7) to base 13.
-311a1
Convert -1322b02 (base 15) to base 6.
-1211200415
Convert -842771 (base 11) to base 3.
-211212112120